5*j - r = -12, 5*j - 6 = -8*r + 5*r. What is the greatest common factor of j and 591?
3
Let m = -14 + 43. Suppose 67*z = 21162 - 5618. Calculate the greatest common divisor of z and m.
29
Let s be ((-51)/(-9))/((10/(-15))/(-2)). What is the highest common divisor of s and 221?
17
Let p be (-138 + 7)/((-1)/1). Suppose -u = 4*o - 6*u + p, -o - 64 = 5*u. Let r be o/(((-81)/42)/9). What is the highest common divisor of r and 26?
26
Suppose -5*f + 3*f = -120. Let i be (-4)/(-12)*39 - -2. Let o = i - -5. Calculate the greatest common factor of o and f.
20
Let x be (8 + 0)*(-13)/(65/30). Let l = -36 - x. What is the highest common divisor of l and 48?
12
Let c = -339 - -618. What is the greatest common divisor of 9 and c?
9
Let r(i) = 3*i - 12. Let t be r(7). Let c(h) = -2*h + 27. Let y be c(t). What is the highest common divisor of 45 and y?
9
Let t(n) = 5*n + 29. Let f be t(-9). Let g(o) = -o - 9. Let k be g(f). Calculate the highest common divisor of 28 and k.
7
Let r = 40 + -22. Suppose -o + 0 = -3. Let u(h) = 2*h**2 + 8*h - 33. Let w be u(o). What is the greatest common factor of r and w?
9
Let m = 675 - 487. Calculate the highest common divisor of 329 and m.
47
Suppose -5*h + 3*q + 119 + 88 = 0, 2*q = 5*h - 208. Suppose -2 = -l - 1. Suppose -5 = -v + l. What is the greatest common divisor of h and v?
6
Let i(m) = -21*m - 72. Let r be i(-4). Suppose -4*b + 79 + 13 = 0. Let k = b + r. What is the greatest common factor of k and 7?
7
Let h(m) = 6*m**2 - 6*m + 55. Let a be h(-11). Suppose -143 = 16*q - a. Suppose -2 - 2 = -w. Calculate the greatest common divisor of q and w.
4
Suppose 0 = 2*o - 24 - 2. Let p = 14 - o. Let m = -4 + 7. What is the greatest common divisor of p and m?
1
Let o(r) be the third derivative of -r**4/24 - r**3/3 - 6*r**2. Let c be o(-11). Let v be (-1 - -2) + 2/1. Calculate the greatest common factor of c and v.
3
Let p = 10 + 18. Let t(w) = w**2 - 2. Let q = 7 - 10. Let d be t(q). Calculate the greatest common factor of d and p.
7
Let k = -40 + 94. What is the greatest common factor of 144 and k?
18
Let u(l) = 9*l**2 + 29*l - 12. Let z be u(-5). Calculate the greatest common factor of z and 374.
34
Let f be ((-20)/6)/(13/39). Let k be 15*(-4 + (-64)/f). Suppose -x = -2*x + 54. Calculate the greatest common divisor of k and x.
18
Let r(b) = -2*b**3 + 8*b**2 - b**2 + 3 + 0*b**2. Let m be r(5). Let q be m/20*(1 - 66). What is the highest common factor of 26 and q?
26
Suppose v - 3 = 0, 2*i - 3*v - v = 32. Suppose 0 = b - 4 - i. Suppose 82 = 2*u - 48. Calculate the greatest common factor of b and u.
13
Let w = -3 - -6. Suppose 5 = 2*n - w. Let r = 9 - 1. What is the highest common factor of n and r?
4
Let s(z) = -3*z - 8. Let w be s(-7). Suppose 0 = 2*r - 5 - w. What is the highest common factor of r and 1?
1
Let i = 19 - -125. Suppose 5*s = s. Suppose -11*h + 7*h + 72 = s. What is the highest common divisor of h and i?
18
Let a = -424 + 446. What is the highest common divisor of 374 and a?
22
Let b be (-16)/((-4 + -2)/6). Suppose -8 - 12 = -2*v. Let g(c) = -c**2 + 12*c - 12. Let s be g(v). Calculate the greatest common divisor of b and s.
8
Let p(r) = r**3 - 8*r**2 + 4*r - 19. Let g be p(9). Let b = g - 66. Calculate the greatest common divisor of 80 and b.
16
Suppose 2*w + 2*b = 7*b + 970, -1442 = -3*w + b. Calculate the highest common divisor of w and 60.
60
Suppose -192 = -3*g - 2*w, 0 = -3*g + 3*w + 113 + 79. Suppose 4*f + f + g = z, 0 = 4*z + 3*f - 210. Calculate the highest common divisor of z and 6.
6
Suppose j + v - 4*v - 2 = 0, -4*j + v + 19 = 0. Let y = 27 - j. What is the greatest common divisor of y and 2?
2
Let x(g) = 2*g**2 - 5*g + 3. Let u be x(3). Let n(p) = 221*p + 1422. Let c be n(-6). What is the greatest common divisor of u and c?
6
Suppose 4*d - 5*d + 5*n = 0, -d + 3*n = -2. Calculate the highest common factor of d and 320.
5
Let p be (5/3)/(26/78). What is the greatest common divisor of 415 and p?
5
Let a = 24 - 12. Let k = 24 - a. Let i = -2 - -6. What is the greatest common divisor of i and k?
4
Let k be (4/(-6))/((-1)/(-6)). Let p be 494/14 - k/(-14). Suppose 4227*u - 4232*u + 25 = 0. What is the highest common factor of u and p?
5
Let i = -467 + 489. Calculate the highest common factor of 1188 and i.
22
Suppose 36 = -8*z + 116. Let u(d) = -d**3 + 9*d**2 + 11*d - 5. Let g be u(z). What is the greatest common factor of g and 10?
5
Let g = 25 + -13. Let s be (-8)/g*(-3)/2. Suppose 3*c - 4*u - 22 = 0, -4*u + 3 = c + s. Calculate the greatest common divisor of 30 and c.
6
Let y(o) = o**3 + 14*o**2 - 53*o - 25. Let z be y(-17). Calculate the highest common factor of 2 and z.
1
Let i be -4 + (-6)/(3 - 4). Suppose -u = -4*v - 76, i*v - 3*v = -2*u + 131. Let f be ((-4)/6)/(3/(-36)). What is the greatest common factor of f and u?
8
Suppose -4*l + 23 + 93 = 0. Let u be (328 + 8)*3/4. Suppose -f + 121 = 2*q - 0, 4*f - u = -4*q. Calculate the highest common factor of l and q.
29
Suppose r = 4*h + 28, r - 4 - 25 = 3*h. Suppose -f - 3*f = -r. Suppose -1496 = -20*x + 12*x - 9*x. Calculate the highest common divisor of f and x.
8
Let o = 1112 + -1067. What is the highest common factor of o and 117?
9
Suppose 0 = 4*m + 3*t - 197 + 71, m = 2*t + 26. Calculate the greatest common divisor of 40 and m.
10
Let w(m) = 3*m**2 + 3*m - 1. Suppose -d + 5*a = -8, -8 = -2*d + 5*a - 2. Let j be w(d). Suppose -4*g + j*g = 6. Calculate the highest common factor of g and 3.
3
Let w = 2637 - 2428. Let x(u) = -u**2 + 8*u - 6. Let i be x(7). Suppose -i = b - 20. What is the greatest common factor of b and w?
19
Suppose g + w - 14 = 0, -4*g - w = -2*g - 25. Suppose 0 = -4*x + 4, 11*p - 16*p - 5*x + 500 = 0. Calculate the highest common factor of p and g.
11
Let i be (-4 - -1)*-2*(-204)/(-72). What is the highest common factor of i and 544?
17
Suppose -v - 3*k + 7*k = -36, 5*v - 204 = -4*k. What is the highest common factor of v and 180?
20
Let m be (5 - 3)/((-2)/(-58)). Let u be (-1307)/(-15) + (-1)/30*4. Calculate the highest common divisor of u and m.
29
Suppose -g + 300 = 4*o - 278, 0 = -4*o. What is the highest common divisor of 34 and g?
34
Suppose 167 = 5*k + 12. Calculate the greatest common factor of k and 155.
31
Let v(s) = -4*s - 8. Let r be v(-6). Let t = -323 - -363. Calculate the greatest common factor of t and r.
8
Suppose d + 5*s = 2011, 0 = -33*d + 32*d - 2*s + 2014. What is the highest common divisor of d and 63?
63
Let j be (3/(-3) - 3) + 24. Suppose j = -11*x + 16*x. Suppose 31 = 3*k - 2*c - 26, -k = x*c - 19. Calculate the greatest common factor of 190 and k.
19
Let m be (22 + -3 - -1) + 3. Suppose 4*p + 3 - 647 = 0. Calculate the greatest common factor of p and m.
23
Let a be 0 + 2*(0 + 1). Let q(x) = 3*x**2 - x + 2. Let g be q(a). Suppose 0 = 6*y - 333 - 243. Calculate the greatest common factor of g and y.
12
Let b be 15/(-40) - 139/(-8). Calculate the greatest common factor of b and 51.
17
Suppose 419*v - 431*v + 240 = 0. What is the highest common factor of 92 and v?
4
Let z be -1 - -1*3/3. Let l be 3 + z - (-10 - -3). Let q be 2/(1 - 2) + l. What is the highest common factor of 8 and q?
8
Let i be 398/(-4) - ((-18)/12)/(-1). Let d = i - -114. Calculate the greatest common divisor of 91 and d.
13
Let u = 112 - 42. What is the greatest common divisor of 245 and u?
35
Let o be 126 - (7 + -10 + 6). Calculate the greatest common factor of o and 3.
3
Suppose 0*a = 5*a - 20. Let y = 7 + -3. Suppose 2*x + 32 = y*x. What is the greatest common factor of x and a?
4
Suppose 48 - 74 = -2*j. Let n be (-4)/6 - ((-663)/9 - 5). Calculate the greatest common divisor of n and j.
13
Let n = -858 + 1516. What is the greatest common factor of n and 14?
14
Let o be 3/(-3) - (-2)/1. Let m be 2*o/(-2) - 9. Let x = 18 - m. What is the greatest common factor of 7 and x?
7
Let q(b) = 319*b**3 + 2*b**2 - 1. Let y be q(1). Suppose y = -x + 5*x. Calculate the highest common divisor of x and 8.
8
Suppose 0 = -2*p - 4*w + 164, -2*w + 13 - 19 = 0. What is the highest common factor of 330 and p?
22
Suppose -4*b = -u - 958, 3*b - 3*u - 385 = 338. Suppose -b + 689 = 5*p. Calculate the greatest common factor of 30 and p.
30
Let g be (-39)/(((-8)/6)/4). Let a = 12 + 3. Suppose a*b - 13*b - 26 = 0. Calculate the highest common factor of b and g.
